eatest common factor of 370 and 570.
10
What is the greatest common factor of 240 and 288?
48
Calculate the greatest common factor of 3264 and 884.
68
What is the highest common factor of 520 and 2119?
13
Calculate the highest common factor of 6837 and 129.
129
What is the highest common divisor of 952 and 1768?
136
What is the highest common factor of 6987 and 959?
137
What is the greatest common divisor of 399 and 42?
21
Calculate the greatest common factor of 57 and 4237.
19
What is the greatest common divisor of 10 and 365?
5
What is the greatest common divisor of 316 and 19750?
158
What is the greatest common factor of 525 and 14?
7
What is the greatest common divisor of 300 and 3750?
150
What is the highest common divisor of 81 and 3267?
27
What is the greatest common divisor of 12 and 16692?
12
What is the highest common divisor of 100 and 675?
25
What is the greatest common divisor of 4800 and 150?
150
Calculate the greatest common factor of 2372 and 20.
4
Calculate the greatest common factor of 179 and 4.
1
Calculate the highest common factor of 103 and 8137.
103
Calculate the greatest common factor of 9 and 1017.
9
What is the highest common factor of 305 and 80?
5
Calculate the highest common factor of 157 and 1727.
157
Calculate the greatest common divisor of 72 and 20472.
24
What is the highest common divisor of 147 and 15729?
147
Calculate the greatest common divisor of 26 and 9.
1
Calculate the highest common factor of 344 and 43.
43
Calculate the highest common divisor of 150 and 675.
75
Calculate the highest common divisor of 190 and 30.
10
What is the highest common factor of 57 and 380?
19
What is the greatest common divisor of 18012 and 912?
228
Calculate the greatest common factor of 70 and 80.
10
What is the greatest common divisor of 56 and 448?
56
What is the highest common factor of 170 and 170?
170
Calculate the highest common factor of 31 and 7.
1
What is the greatest common factor of 861 and 82?
41
Calculate the highest common divisor of 58 and 261.
29
What is the greatest common divisor of 80 and 22400?
80
Calculate the highest common factor of 252 and 70.
14
Calculate the greatest common factor of 266 and 114.
38
What is the highest common divisor of 2322 and 108?
54
What is the greatest common divisor of 22 and 121?
11
What is the greatest common divisor of 18 and 3123?
9
Calculate the highest common divisor of 60 and 465.
15
Calculate the greatest common factor of 2583 and 126.
63
What is the highest common factor of 28 and 47572?
28
Calculate the highest common divisor of 1005 and 1065.
15
Calculate the highest common factor of 87 and 3.
3
Calculate the greatest common factor of 8904 and 21.
21
What is the greatest common divisor of 39 and 117?
39
Calculate the greatest common divisor of 855 and 8265.
285
Calculate the greatest common factor of 48375 and 30.
15
Calculate the greatest common divisor of 620 and 992.
124
Calculate the greatest common divisor of 30 and 530.
10
Calculate the highest common divisor of 1100 and 1700.
100
What is the highest common divisor of 10 and 97?
1
Calculate the greatest common divisor of 290 and 203.
29
What is the highest common factor of 187 and 34?
17
What is the highest common factor of 2162 and 94?
94
Calculate the greatest common factor of 306 and 510.
102
Calculate the highest common divisor of 2522 and 52.
26
Calculate the greatest common factor of 1 and 1.
1
What is the greatest common factor of 55 and 10351?
11
What is the highest common divisor of 44 and 11?
11
What is the highest common factor of 1368 and 1008?
72
What is the highest common factor of 2 and 178?
2
Calculate the highest common factor of 9215 and 475.
95
Calculate the highest common divisor of 23 and 2507.
23
What is the greatest common factor of 6 and 111?
3
Calculate the highest common divisor of 11 and 341.
11
Calculate the highest common factor of 136 and 1258.
34
Calculate the highest common factor of 589 and 38.
19
What is the greatest common divisor of 208 and 1144?
104
Calculate the highest common divisor of 68 and 8.
4
What is the greatest common factor of 5984 and 3168?
352
What is the greatest common divisor of 102 and 12?
6
What is the greatest common divisor of 121 and 176?
11
What is the greatest common divisor of 105 and 45?
15
What is the highest common divisor of 440 and 1100?
220
What is the greatest common factor of 392 and 72?
8
Calculate the highest common factor of 216 and 60.
12
What is the highest common divisor of 645 and 45?
15
Calculate the highest common factor of 252 and 9.
9
Calculate the greatest common divisor of 143 and 275.
11
Calculate the greatest common divisor of 125 and 70.
5
What is the highest common divisor of 196 and 9359?
49
Calculate the highest common divisor of 3000 and 96.
24
Calculate the highest common divisor of 8 and 14.
2
What is the highest common divisor of 28 and 70?
14
What is the highest common divisor of 312 and 672?
24
What is the greatest common factor of 12 and 6?
6
Calculate the greatest common factor of 338 and 104.
26
Calculate the greatest common factor of 603 and 402.
201
Calculate the highest common factor of 9956 and 76.
76
What is the highest common divisor of 16 and 24?
8
What is the greatest common factor of 67 and 5?
1
What is the greatest common factor of 392 and 416?
8
Calculate the greatest common divisor of 2831 and 38.
19
What is the greatest common factor of 106 and 16?
2
Calculate the highest common divisor of 6279 and 1365.
273
Calculate the highest common factor of 77 and 7931.
77
What is the greatest common divisor of 152 and 646?
38
Calculate the highest common factor of 5530 and 280.
70
Calculate the greatest common factor of 777 and 42.
21
Calculate the greatest common divisor of 1162 and 98.
14
Calculate the highest common factor of 35 and 77.
7
Calculate the highest common divisor of 150 and 100.
50
What is the highest common factor of 20 and 70?
10
Calculate the highest common factor of 50230 and 30.
10
What is the highest common factor of 928 and 290?
58
What is the highest common divisor of 35 and 280?
35
What is the greatest common factor of 279 and 78957?
279
What is the greatest common divisor of 6 and 354?
6
Calculate the greatest common divisor of 323 and 190.
19
What is the highest common divisor of 228 and 1748?
76
What is the highest common factor of 75 and 10?
5
What is the highest common divisor of 24 and 46344?
24
Calculate the highest common factor of 111 and 141.
3
Calculate the highest common divisor of 7 and 112.
7
What is the greatest common factor of 516 and 12?
12
Calculate the greatest common factor of 8 and 54.
2
What is the highest common factor of 4301 and 22?
11
What is the greatest common divisor of 450 and 630?
90
What is the highest common divisor of 3136 and 980?
196
What is the highest common factor of 390 and 20?
10
Calculate the highest common divisor of 32 and 21088.
32
What is the highest common divisor of 13775 and 29?
29
What is the highest common factor of 532 and 28?
28
Calculate the greatest common factor of 20 and 15.
5
Calculate the highest common factor of 6 and 2352.
6
Calculate the greatest common factor of 44 and 1342.
22
What is the highest common divisor of 1349 and 213?
71
What is the greatest common divisor of 512 and 1136?
16
Calculate the greatest common factor of 12183 and 651.
93
Calculate the highest common divisor of 53 and 53.
53
Calculate the greatest common factor of 995 and 398.
199
Calculate the highest common divisor of 66 and 222.
6
Calculate the greatest common divisor of 17 and 1003.
17
Calculate the greatest common divisor of 10137 and 186.
93
Calculate the highest common factor of 36 and 300.
12
Calculate the highest common factor of 3429 and 72.
9
What is the greatest common factor of 2479 and 37?
37
Calculate the greatest common factor of 11572 and 11.
11
What is the greatest common factor of 222 and 312?
6
What is the highest common divisor of 6578 and 26?
26
What is the greatest common factor of 1 and 883?
1
Calculate the greatest common factor of 1557 and 126.
9
Calculate the greatest common divisor of 220 and 4576.
44
What is the greatest common divisor of 332 and 249?
83
What is the highest common factor of 2 and 4?
2
What is the greatest